{"id":79,"date":"2018-10-25T19:34:35","date_gmt":"2018-10-25T17:34:35","guid":{"rendered":"https:\/\/psychologkkozle.wordpress.com\/?page_id=79"},"modified":"2018-10-25T19:34:35","modified_gmt":"2018-10-25T17:34:35","slug":"zajecia-grupowe","status":"publish","type":"page","link":"https:\/\/www.psycholog4you.com.pl\/?page_id=79","title":{"rendered":"Zaj\u0119cia grupowe"},"content":{"rendered":"<p><strong>Dla dzieci i nastolatk\u00f3w w r\u00f3\u017cnych formach:<\/strong><\/p>\n<ul>\n<li style=\"text-align:justify;\">program zaj\u0119\u0107 \u201eSuper umiej\u0119tno\u015bci na ca\u0142e \u017cycie\u201d dla dzieci, kt\u00f3re doznaj\u0105 r\u00f3\u017cnych l\u0119k\u00f3w i niepokoj\u00f3w<\/li>\n<li>zaj\u0119\u0107 terapeutycznych \u201eDam Rad\u0119\u201d dla dzieci, kt\u00f3re s\u0105 nie\u015bmia\u0142e i l\u0119kliwe<\/li>\n<li>trening umiej\u0119tno\u015bci spo\u0142ecznych i komunikacyjnych<\/li>\n<li>trening radzenia sobie z gniewem<\/li>\n<li>grupa rozwoju osobistego dla m\u0142odzie\u017cy.<\/li>\n<\/ul>\n<p><strong>Dla rodzic\u00f3w \/opiekun\u00f3w w formie:<\/strong><\/p>\n<ul>\n<li style=\"text-align:justify;\">szkolenia\u00a0 \u00a0\u201eJestem\u00a0 \u00a0z\u00a0 \u00a0ciebie\u00a0 \u00a0dumny\u201d\u00a0 \u00a0w\u00a0 \u00a0zakresie\u00a0 \u00a0doceniania\u00a0 \u00a0mocnych\u00a0 \u00a0stron\u00a0 i osi\u0105gni\u0119\u0107\u00a0 \u00a0dziecka,\u00a0 \u00a0przejawianych\u00a0 \u00a0w\u00a0 \u00a0trakcie\u00a0 procesu\u00a0 \u00a0zmiany\u00a0 \u00a0zachowania\u00a0 \u00a0i sposobu\u00a0 prze\u017cywania\u00a0 emocji\u00a0 w\u00a0 relacjach\u00a0 z\u00a0 innymi\u00a0 dzie\u0107mi\u00a0 oraz\u00a0 z\u00a0 osobami doros\u0142ymi \u2013 rodzicami\/opiekunami, nauczycielami<\/li>\n<li>treningu umiej\u0119tno\u015bci rodzicielskich (wychowawczych).<\/li>\n<\/ul>\n","protected":false},"excerpt":{"rendered":"<p>Dla dzieci i nastolatk\u00f3w w r\u00f3\u017cnych formach: program zaj\u0119\u0107 \u201eSuper umiej\u0119tno\u015bci na ca\u0142e \u017cycie\u201d dla dzieci, kt\u00f3re doznaj\u0105 r\u00f3\u017cnych l\u0119k\u00f3w i niepokoj\u00f3w zaj\u0119\u0107 terapeutycznych \u201eDam Rad\u0119\u201d dla dzieci, kt\u00f3re s\u0105 nie\u015bmia\u0142e i l\u0119kliwe trening umiej\u0119tno\u015bci spo\u0142ecznych i komunikacyjnych trening radzenia sobie z gniewem grupa rozwoju osobistego dla m\u0142odzie\u017cy. Dla rodzic\u00f3w \/opiekun\u00f3w w formie: szkolenia\u00a0 \u00a0\u201eJestem\u00a0&hellip; <a href=\"https:\/\/www.psycholog4you.com.pl\/?page_id=79\" class=\"more-link\">Czytaj dalej <span class=\"screen-reader-text\">Zaj\u0119cia grupowe<\/span><\/a><\/p>\n","protected":false},"author":2,"featured_media":0,"parent":71,"menu_order":0,"comment_status":"closed","ping_status":"closed","template":"","meta":{"footnotes":""},"tags":[],"class_list":["post-79","page","type-page","status-publish","hentry","without-featured-image"],"jetpack_sharing_enabled":true,"_links":{"self":[{"href":"https:\/\/www.psycholog4you.com.pl\/index.php?rest_route=\/wp\/v2\/pages\/79"}],"collection":[{"href":"https:\/\/www.psycholog4you.com.pl\/index.php?rest_route=\/wp\/v2\/pages"}],"about":[{"href":"https:\/\/www.psycholog4you.com.pl\/index.php?rest_route=\/wp\/v2\/types\/page"}],"author":[{"embeddable":true,"href":"https:\/\/www.psycholog4you.com.pl\/index.php?rest_route=\/wp\/v2\/users\/2"}],"replies":[{"embeddable":true,"href":"https:\/\/www.psycholog4you.com.pl\/index.php?rest_route=%2Fwp%2Fv2%2Fcomments&post=79"}],"version-history":[{"count":0,"href":"https:\/\/www.psycholog4you.com.pl\/index.php?rest_route=\/wp\/v2\/pages\/79\/revisions"}],"up":[{"embeddable":true,"href":"https:\/\/www.psycholog4you.com.pl\/index.php?rest_route=\/wp\/v2\/pages\/71"}],"wp:attachment":[{"href":"https:\/\/www.psycholog4you.com.pl\/index.php?rest_route=%2Fwp%2Fv2%2Fmedia&parent=79"}],"wp:term":[{"taxonomy":"post_tag","embeddable":true,"href":"https:\/\/www.psycholog4you.com.pl\/index.php?rest_route=%2Fwp%2Fv2%2Ftags&post=79"}],"curies":[{"name":"wp","href":"https:\/\/api.w.org\/{rel}","templated":true}]}}